 81)?
94
Evaluate 22 + 4 - (11 - (7 - 1)).
21
What is (13 - -1) + (-4 - (7 + (18 - 16)))?
1
What is the value of 19 + 1 + (11 - 31) - ((-48 - 3) + 1)?
50
-2 + 0 + -16 + -1090 + 1184 + -18
58
What is (65 - (56 + 23)) + -5?
-19
Evaluate -5 + (-59 - (-37 + -36 + 43)).
-34
Evaluate -43 + 65 + -34 - 64.
-76
What is 0 - 8 - (3 - 12) - (-5 + 6)?
0
What is the value of -3 + (11 - 0 - 23) - (1 + -16)?
0
6 + (173 - (-99 + 142))
136
What is (0 - 6) + 11 + -9 + 2 + 31?
29
Calculate -7 + 13 - (5 + (-2 - (5 - 4))) - 4.
0
What is -155 - (-290 + 114 - 44)?
65
Calculate 2 + (-44 + 1 - -6) + -8 + (10 - 2).
-35
-6 + 21 + 4 + (54 - 0 - 100)
-27
Evaluate -2 + -5 - (-12 - (69 + -126)).
-52
Calculate 27 - (3 - 2) - ((1122 - 1128) + 2 + -7).
37
What is the value of 5 + (-19 - -27 - 22) + 22 + -1?
12
What is 100 + -98 - (8 + (-2 - 55))?
51
Calculate (1 - -22) + (732 - 728).
27
What is 20 - (38 - (18 + -37 + 15))?
-22
What is (-14 + 21 - -5 - 0) + -48 + 1?
-35
Evaluate (4 - -3) + -10 + (-9 - -2) + 41 + -9.
22
Calculate (-2 - 1) + (21 - (27 + -17 - 49)) + -19.
38
What is the value of 2 + -19 - (-1447 - -1338)?
92
Evaluate 0 + -46 - -62 - -37.
53
Calculate 2 + -10 + 46 + -7 + 68 + -67.
32
What is -40 + 29 - (2 + 21 + -15)?
-19
56 + -68 + 0 + 16 + 26 + -70
-40
What is (-20 - 9) + (-16 - -3) + (1 - 4 - 0)?
-45
Evaluate 103 + -8 + 0 - (16 - -4 - 8 - 8).
91
What is 32 + (-59 - -115 - 110)?
-22
Calculate 599 - 634 - (-19 - 1).
-15
What is 83 + -121 - (9 - (-3 - -4))?
-46
-10 - 9 - ((-45 - -8) + 1 + 6)
11
(-61 - -278) + -211 - (43 + (2 - 1) + 0)
-38
Calculate (14 - -3 - ((24 - 8) + -21)) + -8.
14
9 + 13 - (3 + (-3 - (-5 - -5)))
22
(0 + 3 + 5 - 9) + (-50 - -127)
76
What is -7 + (-13 - (-11 + 5)) + -40 + 34?
-20
50 + 1 - (-7 + 23 + -43 + 18)
60
-4 + (-2 - 2) + -201 + 213 + -64
-60
What is the value of -1 - (-5 - -24) - (74 + 13 + -25)?
-82
What is -53 + 0 - ((-8 - -1) + (-11 - -2))?
-37
What is the value of (26 - (1135 + -1157 - (-1 - -10))) + (-17 - -2)?
42
What is 29 - 55 - (10 - (9 + 4))?
-23
Evaluate -1 - (-142 - (-7 - 245)).
-111
Evaluate ((-6 - -4) + (0 - -1) - 11) + 219 + -136.
71
(6 - -2) + -1 + 5 + -3 + -3
6
Calculate -9 - (1 - 21 - ((15 - 25) + -28 + 42)).
15
Calculate -67 - ((17 - -22) + -54).
-52
Evaluate (-1 - 59) + -16 + (141 - 104).
-39
Calculate 34 + 0 + -4 + -5.
25
Calculate 15 + (-5 - ((-64 - -126) + (-16 - -1))).
-37
What is the value of 0 + -19 + (26 - (104 - 55))?
-42
What is the value of 90 - 19 - (-51 + 33 + 1)?
88
12 + (-5 - -2) - (-5 + 75 + 25 + -17)
-69
Evaluate -67 + (-34 - (1 - 28)) + -7.
-81
What is 1 + 85 - (-5 - (1084 + -1110 + (0 - -31)))?
96
What is the value of 3 - ((9 - 6) + -10) - (-4 + -7)?
21
What is the value of -5 + (-1 - 7) + (-8 - (-3 - 14)) + -7?
-11
Evaluate 38 + (-12 - (-34 + 1) - (-2 + 19)).
42
What is the value of -163 + 38 - -259 - 40?
94
Evaluate -7 + 66 + (-20 - (-6 - -4)).
41
Evaluate -2 + 1 + (21 + -72 + 32 - -62).
42
Evaluate -21 - -31 - (0 + -5) - -13.
28
-10 - (-6 + -5 + -5 + 1 + 7) - 37
-39
1 + 3 + -110 + -508 + 532
-82
What is the value of 146 + (-149 - (118 + -67))?
-54
Calculate 40 - (-4 - (-3 + 5 + (-6 - 3))).
37
Calculate -17 - (-57 + (32 - 27)).
35
What is the value of (-2 - (13 + 4)) + (148 - (74 - 21))?
76
-76 - (-14 - (13 - 37) - (9 + 0))
-77
Evaluate 5 - -57 - (-308 + 370).
0
What is (-278 - (-43 - 89)) + 28?
-118
What is the value of (-40 - (-5 + 4)) + 37 - -95?
93
Evaluate -209 + 211 + (-15 - 38).
-51
What is -5216 + 5160 + (68 - 1)?
11
5 - (-2 + 5 + -4 + 13) - (8 - 27)
12
Evaluate 19 + 25 + (19 - 49) - -23.
37
Calculate -90 + -1 - (-31 + 46 - (84 + -54)).
-76
What is -50 + 31 + 14 - -11 - 33?
-27
761 - 760 - (8 + -4 + (-5 - (-6 - -21)))
17
Evaluate (1 - 0) + 0 + (5 - 0) - (7594 + -7599).
11
What is (31 + -48 - -24) + -1 + 42 - (2 - -8)?
38
What is the value of 4 - 7 - (-22 + 9 - -128 - -7 - 7)?
-118
(69 - 62 - (45 + -3)) + 13
-22
Calculate 35 + 53 - (158 - 45).
-25
Calculate -8 - -1 - -1 - (-132 - -37 - -101).
-12
What is the value of (-359 - -198) + (120 - 17)?
-58
What is -60 - -1 - (-3 + (13 - -12) + -36 - -10)?
-55
-11 + 11 + -53 + 85
32
(-1 - 40) + (-202 - 31 - -272)
-2
Calculate (-15 - (-24 + (-20 - -20) + 0)) + -1.
8
Evaluate -1803 + 1734 + -3 + 7.
-65
What is -587 - -438 - (-9 - 60)?
-80
What is 11 + -44 + (127 - 122)?
-28
5 - (-14 + 25 - -3) - 16
-25
10 - (44 - 23 - 44)
33
Evaluate 2 - (15 + (18 - (10 + (0 - -8)))).
-13
What is the value of -87 - (-11 - -62 - 197)?
59
Calculate 89 + -156 + 86 - -62.
81
38 - (55 - (-62 + 1))
-78
Calculate -1 + -15 + (-23 - -15) + 2 + 11 + -7.
-18
Calculate -6 + (33 - -7) + -43.
-9
Calculate -92 + 229 + -109 + 3 + -2.
29
Calculate 22 + (-15 - -2) + (3 + 58 - 36).
34
What is the value of (5 - (-12 + (6 - -4) - -2)) + -8 - -40?
37
-1 + -21 - ((-149 - 54) + 58)
123
Evaluate (1209 - 1217) + (0 - 64) + -2.
-74
-31 + (64 - -59) + -36
56
What is -8 - -14 - 16 - (-42 - (-11 - -5 - -11))?
37
Evaluate -219 + 183 + -2 + 42 - 6.
-2
-64 + 5 + (12 - 23) + -2 + 4 + 10
-58
(64 - -14) + (14 + -39 - 0)
53
What is -11 - (9 + (64 - 71) + 17 + -1)?
-29
What is the value of 3 + -4 + 0 + -14 + (1 - (-8 + 21))?
-27
(202 - 210) + (-206 - -78)
-136
What is -14 + (-30 - (26 - 14) - -5)?
-51
What is -214 + 2 - (-852 - -733)?
-93
What is the value of -16 + 34 + -11 + (-1 - 4) - (-33 + -8)?
43
Calculate -117 - -75 - (0 + -56).
14
What is the value of -2 - 4 - (56 - ((12 - 25) + 6)) - 8?
-77
Evaluate 79 + -75 + 34 + -4.
34
Evaluate 30 + (-8 + 73 - 37).
58
Evaluate 84 - (-70 + 88 + -42).
108
What is -65 - (-1 - (10 - 42) - 57)?
-39
15 + 92 - 30 - (-1 - 15)
93
Evaluate -3468 + 3521 - (1 + 29).
23
What is 46 + (-23 - -30 - 3) - -23?
73
What is (-1130 - -1079) + -1 + 24?
-28
What is the value of 20 - (-4 - (-10 + -4 + 19))?
29
What is the value of (33 - 14 - (32 - 21)) + -3 + -15?
-10
What is the value of 2 + -44 + 26 + (7 - -51)?
42
34 - (77 + -44) - (-3 + 34)
-30
Calculate (-24 - (-2 - 84) - 59) + -63 + 1 + -1.
-60
Calculate 41 + 21 + 13 + -42.
33
(-15 - -29 - -13) + (-9 - -51)
69
Evaluate 170 + -17 + 9 - (-273 - -315).
120
Evaluate 17 - (74 + (-16 + 7 - -1 - 2)).
-47
2 + 2 + -57 + (-363 - -379)
-37
(12 + 43 - 8) + -30
17
Calculate -9 + (13 + -10 + -8 + 15 - -8) - -5.
14
What is the value of -1 + 1 + 0 + 16 + 4305 + -4335?
-14
-41 + (-83 - -139) + -13 + (0 - 2)
0
(-13 + 11 - -24) + 2 + -147
-123
Evaluate -57 - ((3 - 13) + -8 + 4 + 24).
-67
What is the value of (-11 - -3) + 52 + -35 + 0 + -34?
-25
Evaluate 21 - 3 - (35 - 44 - 7).
34
What is the value of 22 - ((2 - 0) + -9 - (-3 - 15))?
11
What is the value of -868 - -876 - (-31 + 4 + -2 + -1)?
38
Evaluate (5 - -19) + (3 - (5 + 2 + 6)).
14
What is -3 + (0 - 16) + -56 + 52 + -35?
-58
Evaluate 60 - (-235 + 119 - -89).
87
Calculate (-30 - 11 - -64) + -25.
-2
Calculate 37 - (-30 - (-2 - (39 - 4))).
30
-12 + -16 + 58 + -97
-67
(12 + (-17 - -10) - -6) + (-182 - -96)
-75
What is the value of 70 + -85 + 90 + -1 + -15?
59
What is (-7 - (55 - 1) - 8) + -34?
-103
13 + 6 + -28 + (8 - -64)
63
Evaluate 45 + 6 - (9 - (7 + (-4 - 1) - -7)).
51
66 + -50 + -50 - (2 - -19)
-55
Evaluate 25 + 13 + (43 + -30 - -9).
60
-37 + (-9 - -59) - -23
36
Evaluate (-32 - 63) + 116 - -79.
100
Calculate 5 + (31 - (17 + -11 + (-5 - 11))).
46
What is -84 + (-7 - -17) - (18 + (-17 - 10))?
-65
What is (3 - -1) + (-98 - 8) + 12?
-90
(-10 - ((-6 + -4 - -14) + -18 + 8)) + -8
-12
Calculate -34 + 1 - (-17 - (19 - 12 - 38)).
-47
What is 12 + -2 + (-10 - -21) + 33?
54
-7 - (-269 - -275 - (1 - 0 - 33))
-45
2 + (-113 - -100 - (-15 - -1) - -9)
12
What is 44 - (24 - -22) - 21?
-23
(-18 + 10 - (0 - -1)) + -1 + 5 + -33
-38
What is 5 + (-45 - 55) + 95?
0
23 - ((72 - -9) + (-1 - 11))
-46
What is the value of -605 + 606 + (9 - 2) + (-1 - -4) + -18?
-7
What is the value of (13 - 2 - -4) + (70 - 92) + 51?
44
What is the value of 56 + (-29340 + 29349 - (0 + 1 + 1 + -2))?
65
What is (-14 - 56) + 57 - (4 + 61)?
-78
2 + 14 + (-25 - -12 - -23)
26
Calculate (4 - 2) + -2 - (-69 + 89 + 16).
-36
Evaluate 8 - ((-257 - -360) + (12 - (-1 - -3) - 4)).
-101
-5 - 47 - (6 - (10 + (2 - -4)))
-42
Calculate (-116 - 0) + 2 + (11 - 24 - 8 - -25).
-110
(-105 - -105) + (-2 - -1) + (34 - -21)
54
What is -7 + -35 - -4 - (62 + -58)?
-42
What is 1 - 10 - ((308 - 92) + -217)?
-8
What is the value of -89 + (4 + 43 - -6)?
-36
84 - (62 - 